5
Let t(d) = -d**3 - 12*d**2 + 2*d + 15. Let l be t(-12). Let b(j) = j**3 + 8*j**2 - 12*j + 12. Let m be b(l). Calculate the greatest common factor of 26 and m.
13
Suppose -4 = p, 3*b + 2*p - 75 = 22. What is the greatest common factor of b and 40?
5
Suppose 5*x + 3*a = 201, -4*x = -6*a + 7*a - 165. What is the greatest common factor of x and 483?
21
Let y = 3 + -11. Let m be 134/10 - y/(-20). Let o be 39/(-3)*-4*1. Calculate the highest common divisor of m and o.
13
Let s = 13 + 3. What is the highest common factor of 304 and s?
16
Suppose -486 = 22*p - 2246. What is the highest common divisor of p and 35?
5
Suppose 5*v - 579 + 144 = -x, -2*v + 4*x + 196 = 0. What is the greatest common factor of v and 8?
8
Let a be ((-288)/(-60))/(10/25). Calculate the greatest common divisor of a and 222.
6
Suppose -256*l + 254*l + 64 = 0. What is the highest common divisor of 288 and l?
32
Let f = 429 + -280. Let k = f - 124. What is the greatest common divisor of 125 and k?
25
Let n(b) = -b**2 + 19*b - 15. Let l be n(18). Suppose l*o + 149 = 2*r + 24, 4*o - 4 = 0. Calculate the highest common divisor of r and 8.
8
Let i(y) = -4*y - 6. Let l be i(-5). Suppose 4*j - 18 - l = 0. Calculate the highest common factor of j and 64.
8
Let a = 87 + -60. Let s = -17 + a. What is the greatest common factor of s and 2?
2
Let g be (-136)/(-14) + 2/7. Suppose g*k - 1547 = -637. Calculate the greatest common factor of 26 and k.
13
Suppose 47603 + 14173 = 234*x. Let y be (-2 + (-5)/(-2))*4. Suppose 20 = 5*h, u - 1 - 15 = y*h. Calculate the highest common factor of x and u.
24
Suppose 4*d + 697 = 841. Calculate the highest common divisor of 3 and d.
3
Let a(y) = y**3 + 7*y**2 + 5*y - 7. Let m be a(-6). Let h be (56 - m) + 16/8. Let d = -31 + h. What is the highest common factor of 14 and d?
14
Let z(i) = -3*i - 14. Let b(t) = 7*t + 29. Let f(c) = 2*b(c) + 5*z(c). Let l be f(-11). Let o = l + 14. Calculate the highest common divisor of 143 and o.
13
Suppose 0 = 6*i - 4*i + 336. Let m = -58 - i. Let q be 72/162*99/1. What is the highest common divisor of m and q?
22
Suppose -7 = -p - a - 1, 0 = -4*p + 3*a + 52. Let w be (-51)/(-85) - (-14)/p. Calculate the highest common factor of 8 and w.
2
Let c = 4904 - 3365. What is the greatest common divisor of 81 and c?
81
Let r be (-108)/(-18) - (1 + 3). Suppose g + 2*g - v - 9 = 0, r*v = g - 3. What is the greatest common divisor of g and 1?
1
Suppose 0 = -110*x + 93*x + 816. What is the highest common divisor of 6 and x?
6
Suppose 0 = -4*l - 4*m + 120, 5*m + 37 - 160 = -4*l. Calculate the highest common factor of l and 1269.
27
Suppose -5*g - 3*d = -131, -4*d + 5*d = -3. What is the greatest common factor of g and 266?
14
Let h be 2 - 1*(3 - 4). Let x(z) = 4*z - 3 + 8*z - 4 - h*z. Let a be x(7). What is the greatest common divisor of 8 and a?
8
Let s = 86 - 49. What is the greatest common divisor of 1 and s?
1
Suppose 11 - 42 = -3*a - 2*v, 5*a + 4*v = 53. Suppose 2*w + 28 = 2*p, 42 = w - 6*w - 2*p. Let f = -9 - w. What is the highest common factor of a and f?
1
Let w be 14/(-4)*(-8904)/294. Calculate the highest common divisor of 159 and w.
53
Suppose 9 = x - 20. Let t = -8 + x. Suppose -9*g - 9*g + 252 = 0. Calculate the greatest common divisor of g and t.
7
Let o be (3 + 2)*16/5. Let d = -6009 - -6089. What is the highest common divisor of o and d?
16
Suppose 2*y = 5*u + 72 - 36, -y + 18 = -5*u. Suppose -2*g = -114 - 12. Calculate the greatest common factor of g and y.
9
Let p = -31 - -37. Suppose -p*d + 14*d - 480 = 0. What is the greatest common factor of 40 and d?
20
Let s = -4 + 7. Let t = 35 + -20. What is the highest common divisor of s and t?
3
Let d(a) = -4 + a - 2*a**3 + 4*a**3 + 0 + 5*a**2 - 2*a**2. Let l be d(4). What is the highest common factor of 16 and l?
16
Suppose -3*i + 3*m = 180, -4*i - 5*m - 80 = 115. Let t = i - -67. Calculate the highest common factor of t and 16.
4
Suppose 5*f - 233 = 52. Suppose -3*d + 122 = -4*l, 31*l - 66 = -2*d + 26*l. Calculate the highest common factor of f and d.
19
Let i(a) be the first derivative of -3*a**2 + 6. Let x be i(-4). Suppose 5*q = q + 4*n + x, -4*q + 18 = 2*n. Calculate the highest common factor of 45 and q.
5
Let q be (4 + (-44)/8)*540/(-18). Calculate the greatest common factor of 5445 and q.
45
Suppose -5*z - 4*r + 126 = -0*r, -2*r + 52 = 2*z. Suppose 0 = z*b - 25*b + 165. Calculate the highest common factor of 5 and b.
5
Suppose 0 = -i - 0*g + g + 10, -5*i = 3*g - 50. Let k be (-19)/((-76)/80)*(-6)/(-4). Calculate the greatest common divisor of i and k.
10
Suppose -3*f = -4 + 7, -f = z - 50. What is the highest common factor of 255 and z?
51
Let z = 21 + -21. Suppose r + r = 0. Suppose z*u + 4*u - 308 = r. What is the greatest common divisor of 7 and u?
7
Let m be (-14 + (-1209)/(-6))/(2/4). What is the highest common factor of m and 525?
75
Suppose -4*w - 9 = -7*w, 5*b - 345 = -5*w. Let j be (9/(-2))/(2 + b/(-24)). What is the greatest common factor of j and 48?
6
Let d(z) = z**2 + 5*z - 1. Suppose -9 = -4*v + 7. Let h be d(v). What is the greatest common divisor of h and 7?
7
Suppose 72 = 13*s - 10*s. Suppose -40 - s = -2*k. Suppose 0 = -4*r + 5*l + 7, 2*l = -4*r - 2*l + 52. What is the highest common divisor of r and k?
8
Let j(a) = 14*a**2 + a + 13. Let g be j(4). Suppose -2*m + g + 142 = 5*q, 0 = -5*m - 5. What is the highest common divisor of q and 11?
11
Let o(n) = 118*n - 1. Let c be o(5). What is the highest common divisor of 76 and c?
19
Let l(s) = -8*s + 480. Let r be l(59). Let w(b) = -b**2 - 11*b. Let i be w(-7). Calculate the greatest common factor of i and r.
4
Let p be 8/2 - (-9 + 491). Let y = p + 1186. Let g be 14/(-91) - y/(-39). What is the highest common divisor of 36 and g?
18
Suppose -45*p + 3960 = -0*p. Suppose 7*v - 4 = 3*v. Let c be -3 + 12/v + 2. What is the highest common factor of c and p?
11
Let w = -328 + 368. Let n(o) = o**2 - 4*o - 13. Let p be n(7). Calculate the greatest common factor of w and p.
8
Suppose -2*l + 88 = 3*t, -2*t + 37 + 25 = 3*l. Let g be 3144/45 - (-12)/90. What is the greatest common factor of g and t?
14
Let t(k) = 40*k + 4. Let i = -97 - -102. Let b be t(i). Calculate the highest common divisor of 12 and b.
12
Suppose 63*v = 39*v + 23424. Calculate the highest common divisor of 16 and v.
16
Let c = 3 + -3. Suppose -3*u = -0*m + 2*m + 31, -5*u - 2*m - 49 = c. Let j be (u/(-6))/(3/34). What is the greatest common factor of j and 17?
17
Suppose -4*r + d + 162 + 58 = 0, 0 = -d + 4. Let s be 34/(1/2*4). Let u = -3 + s. What is the highest common factor of r and u?
14
Suppose 0 = o + o - 44. Suppose -12*k + o = -50. What is the highest common divisor of k and 9?
3
Suppose 0*z + 2*z = 0. Suppose 3*h = -z*h + 108. Let s = -24 + h. What is the highest common divisor of 12 and s?
12
Let s = 130 + -62. What is the greatest common divisor of s and 16?
4
Suppose -4*a + 106 = -2*a. Suppose k = a + 19. Let z = 11 - 3. Calculate the highest common factor of k and z.
8
Let u = -58 + 57. Let c(r) = -173*r + 2. Let t be c(u). What is the highest common factor of t and 25?
25
Suppose 0 = -3*d + 7*d. Suppose -n - 3*o = 3*n - 33, n - 4*o + 6 = d. Calculate the highest common divisor of 15 and n.
3
Let d be (0 + 1)*(0 + 2). Suppose -d*b + 3*x + 26 = -204, -5*b + 575 = -3*x. Let s = -45 + b. What is the highest common divisor of s and 10?
10
Let y be -3*(-5 - (0 - 0)). Suppose -13*u + 18*u = y. Let b be 17/(2*u/6). Calculate the highest common factor of b and 153.
17
Let y be (10/(-12)*-3)/(6/36). Let o(b) = b - 3. Let f be o(y). What is the highest common factor of 108 and f?
12
Let d(x) = -30*x - 176. Let p be d(-11). What is the highest common factor of p and 44?
22
Suppose 0 = 13*m - 10*m - 2*c - 353, -2*m - c = -240. What is the highest common factor of 34 and m?
17
Let q = -16 - 498. Let a(j) = -j**2 - 6*j - 6. Let n be a(-6). Let g be q/n + (-8)/12. Calculate the greatest common divisor of 34 and g.
17
Suppose 0 = -o - 6 + 22. Let g be 148/2*8/o. What is the greatest common factor of g and 259?
37
Let i(z) = -z**2 + 12*z - 7. Let s be i(5). Let r = -985 + 999. What is the highest common divisor of r and s?
14
Let a(l) = -l**3 - 4*l**2 + 12*l + 3. Let b be a(-6). Suppose 0 = -b*r - 4 + 43. What is the greatest common divisor o